94?
2, 647
What are the prime factors of 232?
2, 29
What are the prime factors of 882?
2, 3, 7
What are the prime factors of 15782?
2, 13, 607
List the prime factors of 65045.
5, 13009
What are the prime factors of 3039?
3, 1013
List the prime factors of 23771.
11, 2161
List the prime factors of 1199.
11, 109
What are the prime factors of 342?
2, 3, 19
What are the prime factors of 42904?
2, 31, 173
What are the prime factors of 3941?
7, 563
What are the prime factors of 10895?
5, 2179
List the prime factors of 1235.
5, 13, 19
What are the prime factors of 97796?
2, 23, 1063
List the prime factors of 620.
2, 5, 31
List the prime factors of 1876.
2, 7, 67
List the prime factors of 1148.
2, 7, 41
List the prime factors of 7141.
37, 193
List the prime factors of 1656.
2, 3, 23
List the prime factors of 4353.
3, 1451
List the prime factors of 529.
23
What are the prime factors of 9198?
2, 3, 7, 73
What are the prime factors of 14370?
2, 3, 5, 479
What are the prime factors of 1217?
1217
What are the prime factors of 19647?
3, 37, 59
List the prime factors of 80141.
80141
What are the prime factors of 79?
79
What are the prime factors of 1774?
2, 887
List the prime factors of 1100.
2, 5, 11
List the prime factors of 37221.
3, 19, 653
What are the prime factors of 3284?
2, 821
List the prime factors of 804.
2, 3, 67
What are the prime factors of 2175?
3, 5, 29
List the prime factors of 15191.
11, 1381
List the prime factors of 2378.
2, 29, 41
List the prime factors of 2250.
2, 3, 5
What are the prime factors of 206?
2, 103
What are the prime factors of 67764?
2, 3, 5647
What are the prime factors of 1164?
2, 3, 97
What are the prime factors of 70057?
13, 17, 317
List the prime factors of 36569.
13, 29, 97
What are the prime factors of 15111?
3, 23, 73
What are the prime factors of 3215?
5, 643
List the prime factors of 3470.
2, 5, 347
List the prime factors of 9851.
9851
What are the prime factors of 1188?
2, 3, 11
List the prime factors of 13411.
13411
What are the prime factors of 1022?
2, 7, 73
List the prime factors of 17912.
2, 2239
What are the prime factors of 7292?
2, 1823
List the prime factors of 46780.
2, 5, 2339
List the prime factors of 23044.
2, 7, 823
List the prime factors of 12429.
3, 1381
List the prime factors of 1159.
19, 61
What are the prime factors of 9953?
37, 269
What are the prime factors of 17836?
2, 7, 13
List the prime factors of 1735.
5, 347
List the prime factors of 131.
131
List the prime factors of 264.
2, 3, 11
List the prime factors of 2164.
2, 541
List the prime factors of 16767.
3, 23
List the prime factors of 9259.
47, 197
List the prime factors of 1068.
2, 3, 89
What are the prime factors of 48490?
2, 5, 13, 373
List the prime factors of 9632.
2, 7, 43
What are the prime factors of 39334?
2, 71, 277
List the prime factors of 430.
2, 5, 43
What are the prime factors of 5609?
71, 79
What are the prime factors of 2564?
2, 641
What are the prime factors of 24791?
13, 1907
List the prime factors of 524.
2, 131
List the prime factors of 11567.
43, 269
List the prime factors of 24012.
2, 3, 23, 29
List the prime factors of 15733.
15733
List the prime factors of 13091.
13, 19, 53
What are the prime factors of 11016?
2, 3, 17
List the prime factors of 93.
3, 31
What are the prime factors of 48756?
2, 3, 17, 239
List the prime factors of 1327.
1327
What are the prime factors of 4799?
4799
What are the prime factors of 3522?
2, 3, 587
What are the prime factors of 92225?
5, 7, 17, 31
What are the prime factors of 16165?
5, 53, 61
What are the prime factors of 4915?
5, 983
What are the prime factors of 836?
2, 11, 19
List the prime factors of 811.
811
List the prime factors of 1254.
2, 3, 11, 19
What are the prime factors of 170460?
2, 3, 5, 947
List the prime factors of 28563.
3, 9521
List the prime factors of 78.
2, 3, 13
List the prime factors of 5390.
2, 5, 7, 11
List the prime factors of 12127.
67, 181
What are the prime factors of 251?
251
What are the prime factors of 84145?
5, 16829
List the prime factors of 125095.
5, 127, 197
What are the prime factors of 79611?
3, 7, 17, 223
What are the prime factors of 1516?
2, 379
What are the prime factors of 1216?
2, 19
List the prime factors of 9534.
2, 3, 7, 227
List the prime factors of 17163.
3, 1907
List the prime factors of 8635.
5, 11, 157
List the prime factors of 270.
2, 3, 5
List the prime factors of 2244.
2, 3, 11, 17
What are the prime factors of 51451?
23, 2237
List the prime factors of 92129.
181, 509
What are the prime factors of 30103?
30103
What are the prime factors of 72022?
2, 36011
What are the prime factors of 912?
2, 3, 19
List the prime factors of 326.
2, 163
List the prime factors of 706.
2, 353
List the prime factors of 534.
2, 3, 89
List the prime factors of 8023.
71, 113
List the prime factors of 596.
2, 149
What are the prime factors of 2988?
2, 3, 83
What are the prime factors of 3186?
2, 3, 59
What are the prime factors of 58310?
2, 5, 7, 17
List the prime factors of 158.
2, 79
List the prime factors of 9915.
3, 5, 661
What are the prime factors of 37648?
2, 13, 181
List the prime factors of 7525.
5, 7, 43
List the prime factors of 20984.
2, 43, 61
List the prime factors of 24737.
29, 853
What are the prime factors of 12550?
2, 5, 251
List the prime factors of 1212.
2, 3, 101
What are the prime factors of 85162?
2, 7, 11, 79
What are the prime factors of 21091?
7, 23, 131
List the prime factors of 15719.
11, 1429
List the prime factors of 11272.
2, 1409
What are the prime factors of 935?
5, 11, 17
List the prime factors of 1605.
3, 5, 107
List the prime factors of 452.
2, 113
List the prime factors of 698.
2, 349
What are the prime factors of 19217?
11, 1747
List the prime factors of 613.
613
What are the prime factors of 13605?
3, 5, 907
List the prime factors of 7185.
3, 5, 479
List the prime factors of 12379.
12379
List the prime factors of 76494.
2, 3, 11, 19, 61
What are the prime factors of 6415?
5, 1283
What are the prime factors of 1829?
31, 59
List the prime factors of 5172.
2, 3, 431
List the prime factors of 41495.
5, 43, 193
What are the prime factors of 1555?
5, 311
What are the prime factors of 17376?
2, 3, 181
What are the prime factors of 3895?
5, 19, 41
What are the prime factors of 30392?
2, 29, 131
What are the prime factors of 19884?
2, 3, 1657
List the prime factors of 167391.
3, 7, 2657
List the prime factors of 925.
5, 37
List the prime factors of 36775.
5, 1471
What are the prime factors of 2486?
2, 11, 113
What are the prime factors of 2616?
2, 3, 109
What are the prime factors of 52339?
7, 7477
List the prime factors of 15096.
2, 3, 17, 37
List the prime factors of 2613.
3, 13, 67
What are the prime factors of 14663?
11, 31, 43
What are the prime factors of 682?
2, 11, 31
List the prime factors of 4430.
2, 5, 443
List the prime factors of 1275.
3, 5, 17
List the prime factors of 10557.
3, 17, 23
What are the prime factors of 3832?
2, 479
List the prime factors of 2230.
2, 5, 223
What are the prime factors of 3150?
2, 3, 5, 7
List the prime factors of 3257.
3257
List the prime factors of 71.
71
What are the prime factors of 2660?
2, 5, 7, 19
What are the prime factors of 14009?
14009
List the prime factors of 52245.
3, 5, 43
What are the prime factors of 1958?
2, 11, 89
What are the prime factors of 163?
163
What are the prime factors of 21862?
2, 17, 643
List the prime factors of 80550.
2, 3, 5, 179
What are the prime factors of 5081?
5081
What are the prime factors of 16341?
3, 13, 419
What are the prime factors of 4298?
2, 7, 307
List the prime factors of 18243.
3, 2027
What are the prime factors of 9015?
3, 5, 601
List the prime factors of 92861.
92861
List the prime factors of 7329.
3, 7, 349
What are the prime factors of 1252?
2, 313
What are the prime factors of 1221?
3, 11, 37
List the prime factors of 96601.
96601
List the prime factors of 16601.
13, 1277
List the prime factors of 1227.
3, 409
What are the prime factors of 2103?
3, 701
List the prime factors of 2553.
3, 23, 37
What are the prime factors of 66?
2, 3, 11
List the prime factors of 3019.
3019
What are the prime factors of 16062?
2, 3, 2677
List the prime factors of 300.
2, 3, 5
List the prime factors of 24079.
11, 199
List the prime factors o